 first derivative of n**3/3 - 7*n**2/2 + 7*n + 5. What is d(5)?
-3
Let l = 23 - 3. Let k(n) = 3*n - 6*n - n + l - n**2 - 12. What is k(-6)?
-4
Let c(q) = -2*q**2 + 15*q + 12. Let g be c(8). Let v(l) be the third derivative of l**4/12 + l**3/2 + 3*l**2. Calculate v(g).
11
Let l(k) = -k**3 + 4*k**2 - 3*k + 3. Suppose 3*g + 4*v = 17, 0 = -6*g + 7*g + 5*v - 13. What is l(g)?
3
Let f(g) = g**2 + 3*g + 1. Suppose 11*s - 24*s - 39 = 0. Calculate f(s).
1
Let z(y) = y. Let b be (-336)/35 - 4/10. Let o = b + 12. Calculate z(o).
2
Suppose -4*s = -s. Suppose s = 2*d - 5*h + 1, d = -d - 5*h + 9. Let z(w) = -3*w + 3*w - 1 + 4*w + 3*w**3 - w**d - 5*w. Give z(-1).
-4
Let x(v) = 11*v**3 + 1. Suppose -2 = 2*z - 4*z. Give x(z).
12
Let i(m) = 3*m + 1. Let q(w) = 2*w + 1. Let h(d) = -3*i(d) + 5*q(d). Let l = -24 - -27. Give h(l).
5
Let m(z) = 170 - 163 - 3*z**2 - 4*z + 2*z**2. Calculate m(-7).
-14
Let a(k) be the first derivative of -7*k**3/3 - k**2 - k - 2. Suppose -3*n = -2*n + 1. Let p = 0 + n. What is a(p)?
-6
Let d(s) = -7 - 10 - 10*s + 21 - s**2 - 12. Calculate d(-9).
1
Suppose -3*l = 2*l - 5. Let u = 4 - l. Let d(q) = -q**3 + 3*q**2 + q. Give d(u).
3
Suppose 2*t = -t - 12. Let z(r) = -r**2 - 3*r - 1. Give z(t).
-5
Let u(a) = 2*a**3 - a**2 + a. Let b be u(1). Let m(t) = t**b + 5*t - 4*t + 6 + 4*t. Give m(-4).
2
Let c = 105 - 104. Let k(a) = 5*a**2 - 1. Determine k(c).
4
Let p(r) = -r**3 - 6*r**2 - 4*r + 6. Let w be p(-5). Let y(o) = -o**2 + o - 1. Let z(q) = -q**2 + 7*q - 3. Let b(v) = w*z(v) - 4*y(v). Determine b(-2).
7
Let a(i) = 4*i**2 + 6. Let y(r) = -3*r**2 - 5. Let o(j) = -4*a(j) - 5*y(j). Determine o(2).
-3
Let q(w) = w**2 - 6*w + 6. Let v = 5 - -1. Determine q(v).
6
Suppose -29 = 4*j - 5. Let v(c) = c + 4. Determine v(j).
-2
Let p be (-14)/(-3) + 4/(-6). Let j(n) = 3*n. Determine j(p).
12
Let x(d) = -d + 83 + 78 - 165. Give x(5).
-9
Let i(a) = 4*a - 2. Let w be i(2). Let j(d) = -d**3 + 6*d**2 + d - 8. Determine j(w).
-2
Suppose -4*l = l + 2*t - 6, -4*t + 2 = 5*l. Suppose l*i + i = 3. Let f(s) = -s. Determine f(i).
-1
Let f(c) = -c**2 - 5*c + 1. Suppose -3*j + 0 = 18. Let t(a) = -a**3 - 5*a**2 + 6*a - 4. Let b be t(j). What is f(b)?
5
Let u(r) = -65*r**2 + 126*r**2 - 62*r**2 - 6*r - 9. Calculate u(-7).
-16
Let u(h) = h. Let j(o) = 2*o + 9. Let y(p) = j(p) - 6*u(p). Give y(6).
-15
Suppose -5*d = -5*g - 4*d + 3, -3*g - 15 = 5*d. Let b(q) be the third derivative of 1/6*q**4 + 1/3*q**3 + 0 + g*q - 1/60*q**5 - q**2. Determine b(4).
2
Let r(k) = k**2 - 12*k + 24. Let a be r(10). Suppose -6*t - a = -10*t. Let w(i) = 7*i + 1. Determine w(t).
8
Let f = -26 - -31. Let t(a) be the second derivative of 0 - 2*a + 5/6*a**3 + 7/2*a**2 - 1/12*a**4. Give t(f).
7
Let r(k) be the third derivative of k**4/24 + 3*k**3/2 - k**2. Let z be ((-1)/3)/((-3)/(-45)). Give r(z).
4
Let t(s) = -2*s**3 - 3*s**2 - s + 1. Let k(q) = -q**3 - 1. Let w(v) = k(v) - t(v). Let z(l) = l**2 - 12*l + 18. Let b be z(10). Give w(b).
0
Let z(v) = -6*v + 3. Let b(x) = -x + 1. Let h(m) = -11*b(m) + 2*z(m). Give h(0).
-5
Let y(h) = -2*h - 38. Let l be y(-22). Let u(o) = -3*o + 7. Give u(l).
-11
Let m(t) = -t**3 - 6*t**2 - 8*t - 7. Suppose -4*q + v - 2*v = 25, q = -2*v - 15. Calculate m(q).
8
Let y = -9 + 6. Let l(w) = 2*w - 1 - 3*w - w + 5*w. Calculate l(y).
-10
Let w(v) = -v**2 - 5*v + 4. Suppose 2*i - 8 = 3*i. Let z be i/12*(-6)/(-1). What is w(z)?
8
Let j(t) be the second derivative of t**4/6 - t**3/3 - 3*t**2/2 - 22*t. Suppose -3*k + 7*k - 12 = 0. What is j(k)?
9
Let y(c) = -12*c**2 + c. Suppose 14 = m - 2*i, 3*i - 30 = -3*m + 5*i. Suppose 3*t - 2 + 7 = -g, 2*t - 5*g = m. What is y(t)?
-13
Let w(j) = j - 1. Let g(r) = r**2 - 3*r. Let a(o) = g(o) - 3*w(o). Let z be a(6). Let k(i) = -i**3 + 4*i**2 - 4*i + 2. Determine k(z).
-1
Let q(p) be the first derivative of 2*p**3/3 + p + 52. Calculate q(1).
3
Let l be (-2)/11 + (-8)/(-44). Suppose -2*c = 5*m + 1 - l, 5*c = -4*m + 6. Let a(t) = 4*t - 1. Calculate a(m).
-5
Let p = 10 + -9. Let r(d) = 5*d**2 - d. Determine r(p).
4
Let z(v) = v**2 - 2*v - 3. Let h = -7 + 11. Suppose 0 = -h*q + 2 + 14. Let s(t) = t**2 - 3*t. Let w be s(q). Calculate z(w).
5
Let j(l) = -l + 1. Suppose 3*w = 4*w + 5. Let h(v) = -v**3 - 5*v**2 + v + 2. Let t be h(-5). Let m = w - t. Calculate j(m).
3
Let g(o) = -2*o + 4. Suppose 0*d = -6*d - 24. Calculate g(d).
12
Suppose 5*x + 14 + 11 = 0. Let r(j) = 4*j**3 + 6*j**2 + 4*j + 9. Let v(b) = -9*b**3 - 12*b**2 - 7*b - 19. Let c(i) = 7*r(i) + 3*v(i). Calculate c(x).
-4
Let w be (-1 - 7) + 2*2. Let s(m) = -m + 6 - 2 - m. Give s(w).
12
Let h(r) = -5*r**3 - 4*r**2 - 2*r + 1. Let z(q) = 4*q**3 + 4*q**2 + q - 1. Let k(j) = -3*h(j) - 4*z(j). Let s be (1 - -1)/(-2) - 3. Calculate k(s).
-7
Let q(f) = -9*f**3 - 13*f**2 - 19. Let n(c) = -5*c**3 - 7*c**2 - 10. Let l(y) = -11*n(y) + 6*q(y). Let u(t) = t - 6. Let j be u(6). Give l(j).
-4
Let g(c) = -c**2 - 10*c - 5. Let b be g(-9). Let q(i) = 0*i - 4*i**2 - 1 + b*i - 1. Give q(2).
-10
Let c(b) = 2*b + 2. Let z(g) = 2*g + 3. Suppose h - 1 = -n + 7, 14 = 3*h + n. Let v(o) = h*c(o) - 4*z(o). Calculate v(-6).
6
Let i = 7 - 4. Suppose 0 = -3*c - 4*y + 7, 4*c - 2*y + 1 = i*c. Let w be c/(3/(-9)*-3). Let m(v) = -2*v + 1. Calculate m(w).
-1
Let f(g) be the first derivative of -g**4/4 + 2*g**3 + g**2 - 7*g + 2. Determine f(6).
5
Let h(o) = o - 1. Suppose 0 = -0*y + 3*y - 15. Suppose y*i + 5 = -10. Calculate h(i).
-4
Let s be -5*2/15*6. Let u(y) = 3*y**3 - 13*y**2 + 5*y + 15. Let c(d) = 4*d**3 - 19*d**2 + 7*d + 22. Let j(p) = 5*c(p) - 7*u(p). Calculate j(s).
5
Let d = 33 - 29. Let p(j) be the third derivative of -j**4/12 + j**3/3 + 3*j**2. What is p(d)?
-6
Let v(q) = 7*q + 6*q**2 - q**2 - q**3 + 0*q**3 - 5. What is v(6)?
1
Let u(x) = -3*x + 3. Suppose 3*c = -5*m + 10, -4*c = -3*c + m - 4. Suppose -c*o + 35 = -5*l - 5, -4*o - 3*l + 25 = 0. Suppose -o + 1 = -2*n. Calculate u(n).
-6
Let u(y) be the first derivative of -y**2/2 - 7*y + 9. What is u(0)?
-7
Let p(n) = 2*n**2 - 9*n - 10. Let r be p(7). Suppose 6*t - t = r. Let w(a) = 2*a - 1. Determine w(t).
9
Let l be (11 - 8) + -2 + 1. Suppose -15 = u + l*u. Let y(c) = 0 - 1 + c + 3. Calculate y(u).
-3
Let d(z) = -5*z + 1. Suppose 0 = 22*v - 24*v + 2. Give d(v).
-4
Let d(c) = c**3 + 4*c**2 + c - 1. Let o(m) = -m**3 + 4*m**2 + 5*m + 1. Let u be 4 - (-3 - -4 - 2). Let t be o(u). Let y be 4/2*t/(-1). Calculate d(y).
5
Let y be (15/50)/((-3)/(-8))*-5. Let q(d) = d**3 + 4*d**2 - 1. Determine q(y).
-1
Suppose 3*o - 12 = -o. Let y(f) = 0 + f + f**o - 1 + 3*f**2 - 4*f. Let s be 11/(-3) - (-1)/(-3). Give y(s).
-5
Let r(q) be the third derivative of q**6/720 + q**5/120 + 5*q**4/24 + 4*q**2. Let t(i) be the second derivative of r(i). Give t(0).
1
Let w(l) = -l**2 - l - 6. Let i = -5 + 1. Let r = 4 + i. What is w(r)?
-6
Let p(q) be the second derivative of q**7/840 + q**6/90 + q**5/60 - q**4/12 - q**3/6 + q. Let f(a) be the second derivative of p(a). Give f(-2).
2
Let p(o) be the first derivative of o**4/12 - 7*o**3/6 + o**2/2 - 3*o - 2. Let g(i) be the first derivative of p(i). Calculate g(6).
-5
Let v(i) = 2. Let k(p) = -4*p + 2. Let w(y) = k(y) + 2*v(y). Determine w(4).
-10
Suppose 5*k = -k - 24. Let g(j) = 3*j. What is g(k)?
-12
Let d(b) be the second derivative of 0*b**3 + b**2 - 1/12*b**4 + 0 + 3*b. Determine d(0).
2
Let h(u) = 3*u - u**3 - 6 - 3*u. Let z be 10/15 + (-12)/(-9) + -2. Give h(z).
-6
Let x(i) = -2*i**2 + i + 2. Suppose -j = 4*j. Suppose 0 = -k + 4*k + 3*c - 33, -2*k + 4*c - 8 = j. Let m be (-4)/k*(-9)/3. Give x(m).
-4
Let r(s) be the third derivative of 1/6*s**3 + 0*s - 7/12*s**4 - s**2 + 0. What is r(1)?
-13
Let a(m) = m**2 - 5*m + 1. Suppose -3*c + 2*g - 31 = 0, 0 = 2*c + 3*c + 2*g + 73. Let r = 18 + c. Calculate a(r).
1
Let z(w) = -w**3 - 5*w**2 - w + 1. Let x be z(-3). Let s be 9*4/(x + 2). Let u(b) = -2*b**2 - 5*b - 3. Determine u(s).
-6
Let n(r) be the first derivative of -5*r**4/4 + r**2 - r - 1. Give n(1).
-4
Let q(x) = -2*x + 2. Let k = -3 + 8. Suppose k*w + 0 = -5, -5*d - 2*w + 8 = 0. What is q(d)?
-2
Suppose 2*r = -12 - 4. Let h = -4 - r. Let n(k) = -k**2 + 4*k - 1. Give n(h).
-1
Let z(h) = h**3 - 4*h**2 + h. Let k be 380/30 - 2/3. Suppose -3*l - l + k = 0. Calculate z(l).
-6
Let v(y) be the third derivative of -y**5/15 - y**3/6 + 2*y**2. Suppo